i?
4
Let h(f) = f**3 - f**2. Let w be h(2). Suppose -182 - 34 = -w*y. Calculate the remainder when y is divided by 27/18*28/3.
12
Calculate the remainder when 30 is divided by (-58)/(-6) + 0 + 18/(-27).
3
Suppose 4 = 5*c - 21. Let p(l) = l**3 - 6*l**2 + 6. What is the remainder when (2/6)/(c/135) is divided by p(6)?
3
Let j be (-6)/(-10) + (-6)/10. Suppose -2*i = -v - 18, 5*i + 2*v - 3*v - 39 = j. What is the remainder when i is divided by 2?
1
Let c = 16 - 8. Let j(f) = f**3 + 6*f**2 + 5*f - 4. Let m be j(-5). Let b = c - m. Calculate the remainder when 23 is divided by b.
11
Let y be (0/(-2))/(2 - 1). Let d(t) be the first derivative of t**3/3 + t**2/2 + 13*t + 4. Calculate the remainder when d(y) is divided by 5.
3
Suppose -k = -2 - 0. Let n be 1 - -27 - 2/k. Suppose 4*h + 4*z = -5 - 3, -3*z - n = -4*h. What is the remainder when h is divided by 2?
1
Let k(s) be the first derivative of s**3/3 + 3*s**2/2 + 3*s + 1. What is the remainder when k(-6) is divided by (-14 - -3)/(1/(-1))?
10
What is the remainder when (-3564)/(-77) - (-2)/(-7) is divided by 16?
14
Let b = 12 - 22. Calculate the remainder when (-36)/(-5)*b/(-3) is divided by 13.
11
Suppose -4*s - 114 + 34 = 4*c, 5*s = 2*c - 72. Let i be (s/(-6))/(6/99). Suppose 3*w - i = -w. What is the remainder when w is divided by 4?
3
Calculate the remainder when (-8671)/(-138) - (-1)/6 is divided by 11.
8
Let x = -160 + 278. Calculate the remainder when x is divided by 30.
28
Let p(l) be the third derivative of 2*l**4/3 + l**3/6 + 4*l**2. Calculate the remainder when p(2) is divided by 18.
15
Let b = -5 - -13. Suppose -4*v = -b, m + 0*m = 4*v - 13. Let n = m + 8. What is the remainder when 5 is divided by n?
2
Let m(g) = g - 1. Let j(v) = -11*v + 11. Let y(d) = j(d) + 4*m(d). What is the remainder when y(-5) is divided by 15?
12
Suppose 0 = -3*j + 2*j + 6. Calculate the remainder when 15 is divided by j.
3
Suppose 32 = 6*k - 2*k. Calculate the remainder when k is divided by ((-2)/(-2))/((-1)/(-5)).
3
Suppose -106 = -2*v + 4*l + 124, 0 = 4*v + 4*l - 424. Calculate the remainder when v is divided by 14.
11
Suppose 5 = 2*p - 7. Calculate the remainder when (2/(-6))/(-1 - (-186)/189) is divided by p.
3
Let n be 0 + 6/(-5 + 3). Let s(t) = -16*t - 4. What is the remainder when s(n) is divided by 15?
14
Let k be 16/10 - (-14)/35. Suppose -k*g - 29 = -5*q, 3*q = -q + 4*g + 28. Calculate the remainder when 8 is divided by q.
3
Suppose 0 = -7*b - b + 152. What is the remainder when 91 is divided by b?
15
Suppose -3*b + 7*b - 200 = 0. Let n = -21 + b. Let a = 22 + -12. Calculate the remainder when n is divided by a.
9
Let c = 8 + 1. Let f = 2 - 0. Calculate the remainder when c is divided by -3 + f - -3 - -3.
4
Let x be (56/21)/(1/(-12)). Let i = 74 + x. Calculate the remainder when i is divided by 11.
9
Suppose -j - 50 = -5*c, -4*c = -4*j + 2*j - 40. Let d = 17 - c. What is the remainder when 19 is divided by d?
5
Suppose 2*n + 5*q = 8 + 5, -2*n + 6 = -2*q. Suppose 0*g - 2*g = -12. Calculate the remainder when g is divided by n.
2
Suppose -5 - 1 = -2*u. Suppose u*k - h = 2*h + 33, 0 = 5*k - 3*h - 63. Calculate the remainder when 28 is divided by k.
13
Calculate the remainder when 21 is divided by (-24 - -36)*(1 + 0).
9
Let g be (-11 - -8)/(6/(-80)). Suppose -u = -w - g, 0 = -2*u - 2*u + w + 163. What is the remainder when u is divided by 14?
13
Let p(z) = -z**2 - 8*z - 1. Let k(c) = -11 + 11*c - 2*c - c**2 + 18 + 2*c. What is the remainder when k(10) is divided by p(-7)?
5
Suppose i - 3*u - 23 = -u, 3*i - 49 = 2*u. Calculate the remainder when 38 is divided by i.
12
Suppose 0 = -6*g + 11*g - 50. Calculate the remainder when 49 is divided by g.
9
Let k = -2 + 2. Let g(m) = m**2 - 2*m + k*m**2 + 6 - 2. What is the remainder when g(6) is divided by 15?
13
Let z be 5/15 + 28/6. Suppose -b - 5*m - 6 - 10 = 0, m + 24 = z*b. Calculate the remainder when b is divided by 2.
0
Suppose -b + 1 = -p, -2*p - 6 = b - 5*b. What is the remainder when 4 is divided by b?
0
Suppose -5*u + 2*w + 35 = -w, -5*u + 45 = -5*w. Calculate the remainder when 11 is divided by u.
3
Let j(o) = -4*o + 9. What is the remainder when j(-8) is divided by 11?
8
Let a = -42 + 75. Calculate the remainder when a is divided by 6.
3
Suppose 3*o - z + 4 = 34, 0 = -2*o + 3*z + 13. What is the remainder when o is divided by 2?
1
Let p(u) = -2*u - 8 + 3*u - 11*u**2 - u**3 + 12*u - 2*u. What is the remainder when 14 is divided by p(-12)?
2
Suppose 0 = -2*y + 4*z + 42, 5*y - 57 = 3*z + 20. What is the remainder when y is divided by 5?
3
Suppose -2*q + 313 = 103. What is the remainder when q is divided by 36?
33
Let y(o) = -4*o + 3. Suppose 0 = -2*q - 0*q - 8. Let a be y(q). Suppose -6 - a = -5*w. Calculate the remainder when 17 is divided by w.
2
What is the remainder when 63 is divided by (-2)/8 - (-1940)/80?
15
Let d = -28 - -72. Suppose -2*v + 4*v - 30 = 0. Calculate the remainder when d is divided by v.
14
Suppose 39 = -3*l + 6*l. Calculate the remainder when l is divided by 4.
1
Let n be (-16 - -4)/(2/5). Let f = -25 - -19. Calculate the remainder when 29 is divided by 5/n + (-91)/f.
14
Let d be 2/(-3) + 4113/(-27). Let o = -105 - d. Calculate the remainder when o is divided by 17.
14
Let o(b) = b**2 - 6*b + 4. Let z be o(6). Suppose 4*q - 19 = 3*f, -z*f - 3 = -q + 18. Calculate the remainder when 33 - (2/(-1) + q) is divided by 12.
10
Suppose -h + 10 = -v, v - 6 = -4*h + 9. Calculate the remainder when 94/8 - (-1)/4 is divided by h.
2
Let y(v) = v**2 + 4*v - 8. Let t be y(-6). Suppose -2*w = 5*m - 17, t*m - 8 = -3*w + 14. Calculate the remainder when 15 is divided by w.
3
Suppose o = -3*o. Suppose 0 = -5*r - o + 15. Suppose 1 = -c + r. What is the remainder when 6 is divided by c?
0
Let s = 6 + -6. Suppose 225 = 5*x - s*x. What is the remainder when x is divided by 16?
13
Let y = -19 - -26. Suppose -h - f = -29 - 5, 0 = -5*h + 3*f + 194. Calculate the remainder when h is divided by (-272)/(-28) - (-2)/y.
7
Suppose -50 = 21*t - 26*t. Calculate the remainder when 49 is divided by t.
9
Suppose -9*h + 5*h - 24 = 0. Let k(v) = v**3 + 6*v**2 - 7*v - 13. What is the remainder when 115 is divided by k(h)?
28
Let b(h) = -h + 1. Let u be (6 + -3 - 2)*3. What is the remainder when -3 + u/(6/68) is divided by b(-7)?
7
What is the remainder when 3 - (-1)/((-2)/(-60)) is divided by 17?
16
Let v(b) = b**3 + 6*b**2 + b + 8. Suppose 5*i - 4*a - 9 = 0, -3*a = a + 4. Let w be (i + 0)*6*-1. Calculate the remainder when v(w) is divided by 1.
0
Suppose -3*n + 8*n - 590 = 0. Suppose 0 = 5*x + 8 - n. What is the remainder when x is divided by 12?
10
Suppose o = -4*b + 20, b = -3*o + 20 - 4. Calculate the remainder when ((-53)/(-2))/(2/o) is divided by 14.
11
Suppose 3*o = 8 - 2. What is the remainder when 7 is divided by o?
1
Let m = -36 - -51. What is the remainder when 53 is divided by m?
8
Suppose 0*d + 2*d + 5*k = 49, 4*d + 5*k - 103 = 0. What is the remainder when d is divided by 14?
13
Let g(v) = -2*v + 1. Let r be g(3). Let i = 8 + r. What is the remainder when 44/11 - 4*-1 is divided by i?
2
Suppose -q = 4*v - 155, 125 = 3*v + 2*q + 5. Suppose -110 = 3*f - k, -176 = 5*f - 2*k + 4*k. What is the remainder when v is divided by 4/18 - 712/f?
18
Let b(c) = -18*c - 2. Let a = 4 - 9. Let o be b(a). Suppose 65 = 4*v + 3*w, -7*v + 3*w + o = -2*v. What is the remainder when v is divided by 6?
5
Let l = 91 + -87. Let y be (-39)/(-6) + 1/(-2). Suppose 20 = 4*z + 2*j, -3*z + y*z - 22 = 2*j. What is the remainder when z is divided by l?
2
Let k(q) = -q**3 - 11*q**2 - 10*q + 12. What is the remainder when 21 is divided by k(-10)?
9
Suppose 13*g = 15*g - 14. Calculate the remainder when 13 is divided by g.
6
Let v(c) = 38*c + 1. Let k be v(1). Suppose -5*q + 41 + k = 0. Calculate the remainder when 61 is divided by q.
13
Let r(x) = x**3 + x**2 + 3*x - 1. Let p(g) = -2*g**2 - 2*g + 2. Let i be p(-2). What is the remainder when r(2) is divided by 561/55 + i/10?
7
Let v(w) = -15*w - 7. Calculate the remainder when 187 is divided by v(-3).
35
Suppose 4*s + k - 37 = 0, 0 = 5*s - 4*k - 16 - 4. Suppose -3*u + 42 = v, -4*u + 2*u + 18 = 4*v. What is the remainder when u is divided by s?
7
Let g = -11 - -7. Calculate the remainder when 1/g - (-153)/4 is divided by 10.
8
Let v be (-